[INFO] fetching crate darkredis 0.8.0...
[INFO] checking darkredis-0.8.0 against master#e6e4f7ed1589e03bc2f6c5931c1a72e7947e8682 for beta-170-4
[INFO] extracting crate darkredis 0.8.0 into /workspace/builds/worker-2-tc2/source
[INFO] validating manifest of crates.io crate darkredis 0.8.0 on toolchain e6e4f7ed1589e03bc2f6c5931c1a72e7947e8682
[INFO] running `Command { std: CARGO_HOME="/workspace/cargo-home" RUSTUP_HOME="/workspace/rustup-home" "/workspace/cargo-home/bin/cargo" "+e6e4f7ed1589e03bc2f6c5931c1a72e7947e8682" "metadata" "--manifest-path" "Cargo.toml" "--no-deps", kill_on_drop: false }`
[INFO] started tweaking crates.io crate darkredis 0.8.0
[INFO] finished tweaking crates.io crate darkredis 0.8.0
[INFO] tweaked toml for crates.io crate darkredis 0.8.0 written to /workspace/builds/worker-2-tc2/source/Cargo.toml
[INFO] crate crates.io crate darkredis 0.8.0 already has a lockfile, it will not be regenerated
[INFO] running `Command { std: CARGO_HOME="/workspace/cargo-home" RUSTUP_HOME="/workspace/rustup-home" "/workspace/cargo-home/bin/cargo" "+e6e4f7ed1589e03bc2f6c5931c1a72e7947e8682" "fetch" "--manifest-path" "Cargo.toml", kill_on_drop: false }`
[INFO] running `Command { std: "docker" "create" "-v" "/var/lib/crater-agent-workspace/builds/worker-2-tc2/target:/opt/rustwide/target:rw,Z" "-v" "/var/lib/crater-agent-workspace/builds/worker-2-tc2/source:/opt/rustwide/workdir:ro,Z" "-v" "/var/lib/crater-agent-workspace/cargo-home:/opt/rustwide/cargo-home:ro,Z" "-v" "/var/lib/crater-agent-workspace/rustup-home:/opt/rustwide/rustup-home:ro,Z" "-e" "SOURCE_DIR=/opt/rustwide/workdir" "-e" "CARGO_TARGET_DIR=/opt/rustwide/target" "-e" "CARGO_HOME=/opt/rustwide/cargo-home" "-e" "RUSTUP_HOME=/opt/rustwide/rustup-home" "-w" "/opt/rustwide/workdir" "-m" "1610612736" "--user" "0:0" "--network" "none" "ghcr.io/rust-lang/crates-build-env/linux@sha256:19e73879b68f455e41552ea35293514db52ea292d993f571636dbffedb77a1ee" "/opt/rustwide/cargo-home/bin/cargo" "+e6e4f7ed1589e03bc2f6c5931c1a72e7947e8682" "metadata" "--no-deps" "--format-version=1", kill_on_drop: false }`
[INFO] [stdout] 97750912d071ff350ade8c60ce1011d44898a90d80af3303ccc6f20db521d75b
[INFO] running `Command { std: "docker" "start" "-a" "97750912d071ff350ade8c60ce1011d44898a90d80af3303ccc6f20db521d75b", kill_on_drop: false }`
[INFO] running `Command { std: "docker" "inspect" "97750912d071ff350ade8c60ce1011d44898a90d80af3303ccc6f20db521d75b", kill_on_drop: false }`
[INFO] running `Command { std: "docker" "rm" "-f" "97750912d071ff350ade8c60ce1011d44898a90d80af3303ccc6f20db521d75b", kill_on_drop: false }`
[INFO] [stdout] 97750912d071ff350ade8c60ce1011d44898a90d80af3303ccc6f20db521d75b
[INFO] running `Command { std: "docker" "create" "-v" "/var/lib/crater-agent-workspace/builds/worker-2-tc2/target:/opt/rustwide/target:rw,Z" "-v" "/var/lib/crater-agent-workspace/builds/worker-2-tc2/source:/opt/rustwide/workdir:ro,Z" "-v" "/var/lib/crater-agent-workspace/cargo-home:/opt/rustwide/cargo-home:ro,Z" "-v" "/var/lib/crater-agent-workspace/rustup-home:/opt/rustwide/rustup-home:ro,Z" "-e" "SOURCE_DIR=/opt/rustwide/workdir" "-e" "CARGO_TARGET_DIR=/opt/rustwide/target" "-e" "CARGO_INCREMENTAL=0" "-e" "RUST_BACKTRACE=full" "-e" "RUSTFLAGS=--cap-lints=forbid" "-e" "RUSTDOCFLAGS=--cap-lints=forbid" "-e" "CARGO_HOME=/opt/rustwide/cargo-home" "-e" "RUSTUP_HOME=/opt/rustwide/rustup-home" "-w" "/opt/rustwide/workdir" "-m" "1610612736" "--user" "0:0" "--network" "none" "ghcr.io/rust-lang/crates-build-env/linux@sha256:19e73879b68f455e41552ea35293514db52ea292d993f571636dbffedb77a1ee" "/opt/rustwide/cargo-home/bin/cargo" "+e6e4f7ed1589e03bc2f6c5931c1a72e7947e8682" "check" "--frozen" "--all" "--all-targets" "--message-format=json", kill_on_drop: false }`
[INFO] [stdout] 98de99f4c82190f6a9428065a6f368f0739d5682d8d64da6a4cb6bfe2c2b2648
[INFO] running `Command { std: "docker" "start" "-a" "98de99f4c82190f6a9428065a6f368f0739d5682d8d64da6a4cb6bfe2c2b2648", kill_on_drop: false }`
[INFO] [stderr]    Compiling autocfg v1.0.1
[INFO] [stderr]    Compiling proc-macro2 v1.0.24
[INFO] [stderr]    Compiling unicode-xid v0.2.1
[INFO] [stderr]    Compiling memchr v2.3.4
[INFO] [stderr]    Compiling syn v1.0.60
[INFO] [stderr]    Compiling libc v0.2.86
[INFO] [stderr]    Compiling serde v1.0.123
[INFO] [stderr]    Compiling semver-parser v0.7.0
[INFO] [stderr]    Compiling proc-macro-hack v0.5.19
[INFO] [stderr]    Compiling const_fn v0.4.5
[INFO] [stderr]    Compiling proc-macro-nested v0.1.7
[INFO] [stderr]    Compiling ryu v1.0.5
[INFO] [stderr]    Compiling log v0.4.14
[INFO] [stderr]    Compiling rayon-core v1.9.0
[INFO] [stderr]     Checking pin-project-lite v0.2.4
[INFO] [stderr]     Checking futures-sink v0.3.12
[INFO] [stderr]     Checking either v1.6.1
[INFO] [stderr]     Checking futures-core v0.3.12
[INFO] [stderr]     Checking once_cell v1.5.2
[INFO] [stderr]     Checking futures-channel v0.3.12
[INFO] [stderr]     Checking itoa v0.4.7
[INFO] [stderr]    Compiling semver v0.9.0
[INFO] [stderr]     Checking futures-task v0.3.12
[INFO] [stderr]     Checking futures-io v0.3.12
[INFO] [stderr]     Checking slab v0.4.2
[INFO] [stderr]    Compiling serde_json v1.0.62
[INFO] [stderr]     Checking byteorder v1.4.2
[INFO] [stderr]    Compiling bitflags v1.2.1
[INFO] [stderr]    Compiling rustc_version v0.2.3
[INFO] [stderr]    Compiling serde_derive v1.0.123
[INFO] [stderr]    Compiling crossbeam-utils v0.8.1
[INFO] [stderr]    Compiling memoffset v0.6.1
[INFO] [stderr]    Compiling num-traits v0.2.14
[INFO] [stderr]     Checking regex-automata v0.1.9
[INFO] [stderr]    Compiling rayon v1.5.0
[INFO] [stderr]    Compiling tokio v1.2.0
[INFO] [stderr]     Checking unicode-width v0.1.8
[INFO] [stderr]     Checking plotters-backend v0.3.0
[INFO] [stderr]    Compiling cast v0.2.3
[INFO] [stderr]     Checking textwrap v0.11.0
[INFO] [stderr]     Checking csv-core v0.1.10
[INFO] [stderr]     Checking itertools v0.9.0
[INFO] [stderr]     Checking bytes v1.0.1
[INFO] [stderr]     Checking regex-syntax v0.6.22
[INFO] [stderr]     Checking plotters-svg v0.3.0
[INFO] [stderr]     Checking half v1.7.1
[INFO] [stderr]     Checking walkdir v2.3.1
[INFO] [stderr]     Checking clap v2.33.3
[INFO] [stderr]    Compiling quote v1.0.9
[INFO] [stderr]     Checking itertools v0.10.0
[INFO] [stderr]     Checking num_cpus v1.13.0
[INFO] [stderr]     Checking mio v0.7.7
[INFO] [stderr]     Checking atty v0.2.14
[INFO] [stderr]     Checking quick-error v2.0.0
[INFO] [stderr]     Checking oorandom v11.1.3
[INFO] [stderr]     Checking crossbeam-epoch v0.9.1
[INFO] [stderr]     Checking crossbeam-channel v0.5.0
[INFO] [stderr]     Checking crossbeam-deque v0.8.0
[INFO] [stderr]     Checking plotters v0.3.0
[INFO] [stderr]     Checking criterion-plot v0.4.3
[INFO] [stderr]     Checking regex v1.4.3
[INFO] [stderr]     Checking bstr v0.2.15
[INFO] [stderr]     Checking serde_cbor v0.11.1
[INFO] [stderr]     Checking csv v1.1.5
[INFO] [stderr]     Checking tinytemplate v1.2.0
[INFO] [stderr]    Compiling futures-macro v0.3.12
[INFO] [stderr]    Compiling tokio-macros v1.1.0
[INFO] [stderr]     Checking futures-util v0.3.12
[INFO] [stderr]     Checking futures-executor v0.3.12
[INFO] [stderr]     Checking futures v0.3.12
[INFO] [stderr]     Checking darkredis v0.8.0 (/opt/rustwide/workdir)
[INFO] [stderr]     Checking criterion v0.3.4
[INFO] [stdout] error[E0432]: unresolved import `darkredis::test`
[INFO] [stdout]  --> benches/pipelining.rs:2:17
[INFO] [stdout]   |
[INFO] [stdout] 2 | use darkredis::{test::*, CommandList, Connection, Result, Value};
[INFO] [stdout]   |                 ^^^^ could not find `test` in `darkredis`
[INFO] [stdout] 
[INFO] [stdout] 
[INFO] [stdout] error[E0425]: cannot find value `TEST_ADDRESS` in this scope
[INFO] [stdout]   --> benches/pipelining.rs:20:25
[INFO] [stdout]    |
[INFO] [stdout] 20 |     Connection::connect(TEST_ADDRESS, None).await.unwrap()
[INFO] [stdout]    |                         ^^^^^^^^^^^^ not found in this scope
[INFO] [stdout] 
[INFO] [stdout] 
[INFO] [stdout] error[E0061]: this function takes 1 argument but 2 arguments were supplied
[INFO] [stdout]   --> benches/pipelining.rs:20:5
[INFO] [stdout]    |
[INFO] [stdout] 20 |     Connection::connect(TEST_ADDRESS, None).await.unwrap()
[INFO] [stdout]    |     ^^^^^^^^^^^^^^^^^^^             ------
[INFO] [stdout]    |                                     | |
[INFO] [stdout]    |                                     | unexpected argument of type `Option<_>`
[INFO] [stdout]    |                                     help: remove the extra argument
[INFO] [stdout]    |
[INFO] [stdout] note: associated function defined here
[INFO] [stdout]   --> /opt/rustwide/workdir/src/connection.rs:65:18
[INFO] [stdout]    |
[INFO] [stdout] 65 |     pub async fn connect<A>(address: A) -> Result<Self>
[INFO] [stdout]    |                  ^^^^^^^
[INFO] [stdout] 
[INFO] [stdout] 
[INFO] [stdout] error: aborting due to 3 previous errors
[INFO] [stdout] 
[INFO] [stdout] 
[INFO] [stdout] Some errors have detailed explanations: E0061, E0425, E0432.
[INFO] [stdout] 
[INFO] [stdout] For more information about an error, try `rustc --explain E0061`.
[INFO] [stdout] 
[INFO] [stderr] error: could not compile `darkredis` (bench "pipelining") due to 4 previous errors
[INFO] [stderr] warning: build failed, waiting for other jobs to finish...
[INFO] [stdout] error[E0599]: no method named `serialize_bench` found for struct `darkredis::Command` in the current scope
[INFO] [stdout]   --> benches/command.rs:12:23
[INFO] [stdout]    |
[INFO] [stdout] 12 |     black_box(command.serialize_bench());
[INFO] [stdout]    |                       ^^^^^^^^^^^^^^^ method not found in `Command<'_>`
[INFO] [stdout] 
[INFO] [stdout] 
[INFO] [stdout] error[E0599]: no method named `serialize_bench` found for struct `CommandList` in the current scope
[INFO] [stdout]   --> benches/command.rs:34:23
[INFO] [stdout]    |
[INFO] [stdout] 34 |     black_box(command.serialize_bench());
[INFO] [stdout]    |                       ^^^^^^^^^^^^^^^ method not found in `CommandList<'_>`
[INFO] [stdout] 
[INFO] [stdout] 
[INFO] [stdout] error: aborting due to 2 previous errors
[INFO] [stdout] 
[INFO] [stdout] 
[INFO] [stdout] For more information about this error, try `rustc --explain E0599`.
[INFO] [stdout] 
[INFO] [stderr] error: could not compile `darkredis` (bench "command") due to 3 previous errors
[INFO] running `Command { std: "docker" "inspect" "98de99f4c82190f6a9428065a6f368f0739d5682d8d64da6a4cb6bfe2c2b2648", kill_on_drop: false }`
[INFO] running `Command { std: "docker" "rm" "-f" "98de99f4c82190f6a9428065a6f368f0739d5682d8d64da6a4cb6bfe2c2b2648", kill_on_drop: false }`
[INFO] [stdout] 98de99f4c82190f6a9428065a6f368f0739d5682d8d64da6a4cb6bfe2c2b2648
